et f be (16/(-28))/((-4)/14). Calculate the remainder when (-2)/6*(-1 - 128) is divided by (f + -8)/(2/(-5)).
13
Let l(b) = 14*b - 2. Let n be l(-1). Let u = n + 31. Calculate the remainder when 26 is divided by u.
11
Let q(m) = m - 5 - 3*m - 2. Let j be q(-6). Suppose -3*z + j*c = -38, -2*z + 12 = -2*c - 8. What is the remainder when 16 is divided by z?
4
What is the remainder when 32 is divided by (-27)/(-81) - (-28)/6?
2
Let m(v) = 16*v**2 + 2*v - 1. Let r be 0 - ((-2)/1)/2. Suppose -r + 6 = 5*u. What is the remainder when m(u) is divided by 6?
5
Suppose 6*f = f + 25. Suppose s - h = 5*s - f, -s = -h. Suppose 0 = t - 4*t + 3. Calculate the remainder when s is divided by t.
0
Let s(v) = -2*v**3 + 11*v**2 + 2*v - 11. What is the remainder when 42 is divided by s(5)?
18
Let i be -2 + 5 - (1 + -1). Suppose 5*k - i = 2. Suppose g - 3*v + 5*v = 0, -5*g - 2*v + 8 = 0. Calculate the remainder when g is divided by k.
0
What is the remainder when (-21)/28 - 261/(-12) is divided by 8?
5
Let g = 15 + 18. Calculate the remainder when 64 is divided by g.
31
Let t = 17 + 0. Let q(b) = t - 8 - 5*b**2 - 5*b - b**3 + 0*b**3 + 13*b**2. Calculate the remainder when 44 is divided by q(7).
21
Let g = -19 - -22. What is the remainder when 10 is divided by g?
1
Suppose 0 = 3*j + 2*j - 10. Let b(h) be the third derivative of h**5/60 + 5*h**4/24 + h**3/6 - h**2. Calculate the remainder when j is divided by b(-5).
0
Suppose 0*s - 10 = -5*s. Suppose 3*w + s = 11, -5*k - 5*w + 25 = 0. Suppose -g - n = -3*n, k*n = -3*g + 40. Calculate the remainder when 19 is divided by g.
9
Suppose 0 = 6*x - x - 10. What is the remainder when -1 - x - (-3 + -24) is divided by 9?
6
Let g be (1 + 1 - 8)/(-2). Suppose d - 118 = -g*t, 0 = 3*t - 0*t - 5*d - 130. What is the remainder when 29 is divided by 35/10*t/14?
9
Suppose -3*a - 21 = 2*n - 4*n, -3*a = -5*n + 39. Calculate the remainder when 11 is divided by n.
5
Let p = 41 + -23. Calculate the remainder when 69 is divided by p.
15
Let t(u) be the first derivative of -u**4/4 + 11*u**3/3 + u**2/2 + 7*u - 2. Calculate the remainder when 52 is divided by t(11).
16
Let d = 33 - 16. Let h(u) = -u - 7. Let g be h(-5). What is the remainder when d is divided by 3 - g/((-4)/(-6))?
5
Suppose k + 0*k - 38 = 0. Let w(g) = g**2 - 6*g + 2. Let b be w(5). What is the remainder when k is divided by (-6)/b + (-8)/(-1)?
8
Let j(y) be the first derivative of -y**4/4 + 2*y**3 - 5*y**2/2 + 2. Let x be j(5). What is the remainder when 5 is divided by x/1 + (2 - -1)?
2
What is the remainder when 9 is divided by 208/65 + 2/(-10)?
0
Let f = -8 - -14. What is the remainder when 12 + 1 + (-6 - -1) is divided by f?
2
What is the remainder when 25 is divided by (-248)/(-18) - (-12)/54?
11
Suppose -5*w = 2*c - 12, 0*c + 20 = -4*c + w. Let a = 7 + c. Let r(t) = 5*t - 3. What is the remainder when r(2) is divided by a?
1
Let a(y) = 13*y + 4. Calculate the remainder when a(3) is divided by 2*1 - (-90)/10.
10
Let c(l) = -l**2 - l - 1. Let p(g) = -44*g**2 + 5*g + 5. Let i(x) = -5*c(x) - p(x). What is the remainder when i(-1) is divided by 17?
15
What is the remainder when 33 is divided by -38*(2 - 15/6)?
14
Calculate the remainder when 37 is divided by 27 + -11 + (-6)/(-2).
18
Suppose 73 = -4*h + 5*w - 120, 3*h = 2*w - 136. Let d = 76 + h. Calculate the remainder when d is divided by 12.
10
Suppose 3*c - 4*c = 2. What is the remainder when 16 is divided by 4/c - (-10 - 1)?
7
Suppose -i = 1 - 7. Let f = i + 3. Calculate the remainder when 8/6*(-78)/(-4) is divided by f.
8
Suppose 5*u = 4*u + 53. What is the remainder when u is divided by 28?
25
Suppose 0 = -15*u + 17*u - 38. What is the remainder when u is divided by 4?
3
Suppose -2*x + 4*i + 156 = 0, 3*i = -x - x + 128. Calculate the remainder when x is divided by 18.
16
Suppose 5*y - 215 = a, -4*y + 2*a = 3*a - 181. Suppose 0 = -l - l + 46. What is the remainder when y is divided by l?
21
Let c be (15/(-10))/(1/(-10)). Let s be -3*c/(-6)*6. Suppose -5 + s = 5*q. What is the remainder when 21 is divided by q?
5
Let q be 13/(-26)*(1 + -109). Let k = q + -31. What is the remainder when k is divided by 12?
11
Let u(b) be the third derivative of b**4/6 - 7*b**3/6 + 4*b**2. What is the remainder when 86 is divided by u(9)?
28
Let b = -18 + 20. Suppose b*h = -23 + 75. What is the remainder when h is divided by 14?
12
Suppose -4*x - 1 = -13. Suppose -46 = -x*p + 20. What is the remainder when 42 is divided by p?
20
Suppose 0 = -5*u - 0*u. Let p = u + 5. Calculate the remainder when 18 is divided by p.
3
Let y = 40 + -37. Let n(t) = t**3 + 3*t**2 - 2*t**3 + 4*t + 0*t**2. What is the remainder when 23 is divided by n(y)?
11
Let z = -12 + 20. Let o(s) be the second derivative of -2*s**3/3 + 7*s**2/2 - 3*s. Calculate the remainder when o(-6) is divided by z.
7
Suppose 4*o + 4*k + 40 = 0, 2*o - 3*k + 1 = -14. Let a = 22 + o. What is the remainder when a is divided by 7?
6
Let l(f) = f**3 - 4*f**2 - 3*f. Let s be l(5). Let d be s + ((-3)/1 - -1). Calculate the remainder when 52 is divided by 1/1*(26 - d).
16
Suppose 3*v - 175 - 88 = -5*r, 2*r - 122 = 3*v. What is the remainder when r is divided by 7?
6
Let x = 9 + -3. Suppose 0*n - 5*n = 0. Suppose -5*a - 20 = n, -x*u = -u - 3*a - 37. Calculate the remainder when u is divided by 3.
2
Let b(x) = -6*x**3 - 2*x**2 - x + 1. Let s be b(1). Calculate the remainder when 48 is divided by (68/6)/(s/(-12)).
14
Let t(y) = -y**3 + y**2 + y + 1. Let v(f) = -f**3 + 3*f**2 + 3*f + 4. Let j be v(4). Calculate the remainder when 1 is divided by t(j).
0
Let g(p) = 4*p**2 + 0*p**2 - 4*p**2 + 6*p**2. Suppose 0 = 5*f - 0 - 10. Calculate the remainder when g(f) is divided by 13.
11
Let q(f) = f**2 - 8*f - 2. What is the remainder when 22 is divided by q(9)?
1
Let o(b) = b**3 - 7*b**2 - 8*b + 15. What is the remainder when 102 is divided by o(8)?
12
Suppose 27 = 4*g - 2*u + 3, -1 = g + 3*u. Suppose -5*h + 3*h + p = -1, p + 9 = -2*h. What is the remainder when h/((-1)/13*2) is divided by g?
3
Suppose 0 = 27*q - 23*q - 8. What is the remainder when 4 is divided by q?
0
Let r be -3 + 2 - (-8)/(-2). Calculate the remainder when 35 is divided by 1/(-2)*120/r.
11
Suppose -28 = -4*o + 4*s, -3*o - o + 5*s + 26 = 0. Calculate the remainder when (-3)/o + (-43)/(-3) is divided by 4.
2
Calculate the remainder when 25 is divided by 237/33 - 6/33.
4
Suppose 3*v = 3 - 0. What is the remainder when (-3 - -2) + 1*2 is divided by v?
0
Let n(g) = g**2 - 1. What is the remainder when 70 is divided by n(4)?
10
Suppose 4*u + 2*h - h = 57, 5*u = -3*h + 73. What is the remainder when 18 is divided by u?
4
Suppose -18*d - 4 = -22*d. Let i(t) = t**2 + t. What is the remainder when 7 is divided by i(d)?
1
Let l = -10 - -18. Suppose -4*o = -2*o - l. Calculate the remainder when 35 is divided by 46/o + (-1)/(-2).
11
Suppose -5*m + c = -102, -2*m + 5*c = m - 70. Calculate the remainder when 138 is divided by m.
18
Suppose 0 = 4*j - 3 - 29. Calculate the remainder when 45 is divided by j.
5
Suppose 2*z + 0*z - 4 = 0. Let g = 6 - 4. Let r = 2 + g. What is the remainder when r is divided by z?
0
Let o = -6 - -12. Let l(g) = 2*g**2 + 30*g + 2. Calculate the remainder when o is divided by l(-15).
0
Let s be 3/(-6) + 55/(-2). Let j = s + 39. What is the remainder when j is divided by 4 - (0 - (1 - 1))?
3
Suppose -10 = -0*b - b. Let y be ((-72)/10)/((-2)/10). Suppose -3*w + y = -w. Calculate the remainder when w is divided by b.
8
Let t be (-3)/2*(2 - 0). Let y = 9 + t. What is the remainder when 171/6*4/y is divided by 11?
8
Let i(g) = -17*g + 12. Calculate the remainder when i(-5) is divided by 33.
31
Suppose 5*k + 34 = 3*y, 3*y + 12 = -5*k - 4. Calculate the remainder when 10 is divided by y.
1
Suppose 3 = -2*x + 9. Let w be 3/(((-9)/(-2))/x). Suppose 4*n - 42 = -2*r, w*n + n = 4*r - 128. Calculate the remainder when r is divided by 15.
14
Let u = -15 + 23. Let x(k) = k**3 - 5*k**2 - 5*k - 3. Let j(m) = m**3 - 3*m**2 - 4*m + 6. Let t be j(4). What is the remainder when u is divided by x(t)?
2
Suppose 4*c = -4, -168 = -7*u + 3*u - 4*c. What is the remainder when u is divided by (2/1)/((-1)/(-11))?
21
Let h(c) = -21*c - 2. Let x(t) = -t**2 + 5*t + 8. Let y be x(6). Suppose 0 = 4*n + 14 - y. Calculate the remainder when h(n) is divided 